
Is 38 a factor of 456?
True
Does 28 divide 331?
False
Is 735 a multiple of 3?
True
Does 20 divide 8760?
True
Does 9 divide 6813?
True
Does 20 divide 160?
True
Does 25 divide 13001?
False
Is 1189 a multiple of 64?
False
Is 93 a factor of 1229?
False
Is 2070 a multiple of 15?
True
Is 43 a factor of 1376?
True
Is 3 a factor of 2041?
False
Does 30 divide 1277?
False
Does 14 divide 1274?
True
Is 110 a factor of 660?
True
Is 69 a factor of 4485?
True
Does 9 divide 396?
True
Is 18 a factor of 4624?
False
Is 109 a factor of 12722?
False
Is 5 a factor of 3511?
False
Does 16 divide 7689?
False
Is 27195 a multiple of 21?
True
Does 5 divide 11000?
True
Does 9 divide 228?
False
Is 3 a factor of 581?
False
Does 29 divide 4956?
False
Is 47 a factor of 25803?
True
Does 182 divide 4550?
True
Is 7304 a multiple of 11?
True
Does 38 divide 912?
True
Is 5159 a multiple of 67?
True
Is 15566 a multiple of 20?
False
Is 3 a factor of 444?
True
Is 175 a multiple of 16?
False
Is 32 a factor of 45696?
True
Is 133 a factor of 5248?
False
Is 4 a factor of 276?
True
Is 53 a factor of 2873?
False
Does 2 divide 184?
True
Is 3285 a multiple of 15?
True
Is 20 a factor of 13355?
False
Does 9 divide 1287?
True
Is 126 a factor of 418?
False
Does 68 divide 4216?
True
Does 17 divide 85?
True
Does 215 divide 48375?
True
Does 37 divide 103674?
True
Does 99 divide 45936?
True
Is 39 a factor of 460?
False
Is 48 a factor of 6768?
True
Is 10325 a multiple of 22?
False
Is 31 a factor of 5456?
True
Is 16 a factor of 3914?
False
Does 18 divide 2363?
False
Is 3 a factor of 186?
True
Is 46 a factor of 4449?
False
Is 2100 a multiple of 42?
True
Is 187 a factor of 4544?
False
Is 89 a factor of 5963?
True
Does 22 divide 2376?
True
Is 56 a factor of 7112?
True
Is 92 a multiple of 4?
True
Does 15 divide 1687?
False
Does 7 divide 1888?
False
Is 53689 a multiple of 63?
False
Is 2 a factor of 13?
False
Does 2 divide 583?
False
Is 434 a multiple of 31?
True
Is 5 a factor of 265?
True
Does 19 divide 43?
False
Is 9975 a multiple of 9?
False
Does 153 divide 8025?
False
Is 18 a factor of 664?
False
Is 4 a factor of 316?
True
Is 8961 a multiple of 50?
False
Is 447 a multiple of 10?
False
Is 768 a multiple of 16?
True
Is 271 a multiple of 3?
False
Is 2 a factor of 97?
False
Does 66 divide 189?
False
Is 124 a factor of 4588?
True
Is 11 a factor of 19349?
True
Is 20472 a multiple of 66?
False
Is 17 a factor of 527?
True
Is 37 even?
False
Is 28 a factor of 1012?
False
Does 14 divide 48641?
False
Is 14950 a multiple of 33?
False
Is 92 a factor of 58328?
True
Is 9 a factor of 5220?
True
Does 7 divide 8237?
False
Is 22 a factor of 13508?
True
Is 2255 a multiple of 55?
True
Is 7585 a multiple of 37?
True
Does 39 divide 1326?
True
Is 11334 a multiple of 171?
False
Is 14 a factor of 462?
True
Is 1921 a multiple of 11?
False
Does 132 divide 41316?
True
Is 27380 a multiple of 66?
False
Does 9 divide 9180?
True
Is 73 a factor of 8322?
True
Is 102 a factor of 68544?
True
Is 78 a factor of 65208?
True
Is 87 a factor of 32277?
True
Is 2976 a multiple of 93?
True
Is 11 a factor of 28553?
False
Is 30 a factor of 810?
True
Is 46082 a multiple of 210?
False
Does 37 divide 2181?
False
Is 4 a factor of 154?
False
Is 516 a multiple of 12?
True
Is 14 a factor of 8353?
False
Is 308 a multiple of 28?
True
Does 21 divide 2247?
True
Does 27 divide 7758?
False
Is 1254 a multiple of 38?
True
Is 459 a multiple of 153?
True
Is 2 a factor of 32?
True
Is 47 a factor of 3713?
True
Is 25 a factor of 2637?
False
Is 251 a multiple of 3?
False
Does 104 divide 139721?
False
Is 54 a factor of 1350?
True
Is 35770 a multiple of 98?
True
Does 17 divide 85?
True
Does 39 divide 683?
False
Is 665 a multiple of 95?
True
Does 22 divide 631?
False
Is 6 a factor of 405?
False
Is 88 a factor of 100408?
True
Does 14 divide 4671?
False
Is 390 a multiple of 13?
True
Is 369 a multiple of 32?
False
Is 10 a factor of 540?
True
Is 17252 a multiple of 20?
False
Is 336 a factor of 131376?
True
Is 96 a multiple of 12?
True
Is 3 a factor of 2396?
False
Is 3952 a multiple of 52?
True
Is 2 a factor of 1060?
True
Is 86 a multiple of 2?
True
Is 20 a factor of 4424?
False
Does 16 divide 25580?
False
Is 13396 a multiple of 4?
True
Does 15 divide 1935?
True
Does 7 divide 2240?
True
Is 306 a multiple of 34?
True
Does 7 divide 85?
False
Is 61 a factor of 4443?
False
Is 24 a factor of 6552?
True
Is 63165 a multiple of 15?
True
Is 6159 a multiple of 53?
False
Does 107 divide 1141?
False
Does 101 divide 9441?
False
Is 16 a factor of 1152?
True
Is 1910 a multiple of 15?
False
Is 26836 a multiple of 24?
False
Does 21 divide 14565?
False
Does 26 divide 2392?
True
Does 51 divide 1836?
True
Is 2054 a multiple of 13?
True
Is 147 a multiple of 60?
False
Is 69 a factor of 10695?
True
Does 8 divide 1352?
True
Is 2 a factor of 57?
False
Does 12 divide 528?
True
Is 87 a factor of 2420?
False
Does 21 divide 1176?
True
Does 33 divide 660?
True
Does 75 divide 39361?
False
Is 83 a factor of 5876?
False
Is 52 a factor of 819?
False
Is 4 a factor of 456?
True
Is 90 a factor of 7070?
False
Does 18 divide 576?
True
Is 14 a factor of 770?
True
Is 48073 a multiple of 113?
False
Is 42 a factor of 1048?
False
Does 39 divide 10686?
True
Does 87 divide 8732?
False
Is 60 a factor of 34380?
True
Is 37 a multiple of 2?
False
Is 76 a factor of 13452?
True
Is 61739 a multiple of 70?
False
Is 325 a multiple of 5?
True
Does 34 divide 26928?
True
Does 5 divide 7345?
True
Is 7 a factor of 18193?
True
Does 14 divide 83808?
False
Is 59 a factor of 110?
False
Is 6 a factor of 10320?
True
Is 103 a factor of 11664?
False
Does 25 divide 2600?
True
Is 5928 a multiple of 21?
False
Does 7 divide 1430?
False
Is 41 a factor of 7257?
True
Is 579 a multiple of 97?
False
Does 70 divide 567?
False
Does 27 divide 108?
True
Is 16092 a multiple of 16?
False
Does 44 divide 2684?
True
Is 20091 a multiple of 15?
False
Is 4303 a multiple of 13?
True
Is 8 a factor of 18488?
True
Is 32642 a multiple of 97?
False
Is 29 a factor of 32?
False
Is 22 a factor of 2486?
True
Does 47 divide 141?
True
Is 15855 a multiple of 151?
True
Is 3 a factor of 42?
True
Is 5 a factor of 248?
False
Is 4240 a multiple of 19?
False
Is 10 a factor of 22250?
True
Is 2 a factor of 89?
False
Does 91 divide 11011?
True
Is 6 a factor of 130?
False
Is 3295 a multiple of 5?
True
Does 33 divide 1709?
False
Does 13 divide 19110?
True
Is 14 a factor of 6785?
False
Does 5 divide 216?
False
Is 4320 a multiple of 20?
True
Is 2 a factor of 301?
False
Is 20 a factor of 14540?
True
Is 49 a factor of 784?
True
Is 34 a factor of 1446?
False
Does 46 divide 730?
False
Is 17 a factor of 1071?
True
Is 544 a multiple of 34?
True
Is 9 a factor of 738?
True
Does 2 divide 237?
False
Is 8027 a multiple of 23?
True
Is 15 a factor of 1769?
False
Is 26 a factor of 15951?
False
Does 124 divide 6200?
True
Does 141 divide 987?
True
Is 73 a factor of 2555?
True
Does 15 divide 1872?
False
Does 38 divide 2106?
False
Is 10387 a multiple of 9?
False
Is 13723 a multiple of 19?
False
Does 24 divide 2720?
False
Is 22827 a multiple of 188?
False
Is 444 a multiple of 6?
True
Is 68 a factor of 2945?
False
Does 3 divide 202?
False
Is 19 a factor of 14854?
False
Is 83 a factor of 2324?
True
Is 3 a factor of 37?
False
Is 3770 a multiple of 26?
True
Does 9 divide 246?
False
Does 11 divide 22528?
True
Is 9 a factor of 729?
True
Is 83 a factor of 1401?
False
Is 95 a factor of 760?
True
Is 29768 a multiple of 122?
True
Does 35 divide 6055?
True
Is 52 a factor of 674?
False
Is 54 a factor of 5156?
False
Does 9 divide 1339?
False
Does 3 divide 1521?
True
Is 429 a multiple of 52?
False
Is 2251 a multiple of 46?
False
Is 124 a factor of 9797?
False
Is 514 a multiple of 48?
False
Is 13183 a multiple of 13?
False
Is 10 a factor of 140?
True
Does 29 divide 425?
False
Does 16 divide 2468?
False
Is 6 a factor of 20536?
False
Is 20 a factor of 88863?
False
Is 72 a multiple of 9?
True
Is 9214 a multiple of 67?
False
Does 2 divide 1465?
False
Is 44 a factor of 44?
True
Is 17069 a multiple of 64?
False
Is 52102 a multiple of 298?
False
Is 96 a factor of 4896?
True
Is 9 a factor of 94626?
True
Is 490 a multiple of 15?
False
Does 11 divide 19019?
True
Is 1488 a multiple of 24?
True
Does 41 divide 57169?
False
Is 32 a fa